-3)*g/(-2)?
5, 7
Suppose 2*a - 2 = 3*a. Let i = -4 + a. Let q = i + 11. List the prime factors of q.
5
Let c = -69 - -129. Suppose 2*v - 5*v + c = 0. What are the prime factors of v?
2, 5
Suppose 5*a - 247 = -7. List the prime factors of a.
2, 3
What are the prime factors of -2*(-3 + 4) - -33?
31
Suppose -2 = -0*r - r. Let f = r + 3. Let k = f - -5. List the prime factors of k.
2, 5
Suppose -32 = -2*r + 48. Suppose r = 3*j + 13. What are the prime factors of j?
3
Suppose -16 = 3*r - 7*m + 3*m, -4*m = -4*r - 16. Let y(j) = -j**2 - j + 19. Let o be y(r). Suppose -3*n = -o - 11. List the prime factors of n.
2, 5
What are the prime factors of -7*12/(-42) - 86/(-2)?
3, 5
Suppose -2*l + 4*s = 46, 0*s = 2*l - 5*s + 47. Let r = l - -12. Let u = r + 20. What are the prime factors of u?
11
Let w = 11 + -8. Suppose 0 = 4*a - 4*l - 18 - 10, -9 = -a + w*l. Let h = 17 - a. What are the prime factors of h?
11
Let y = 3 - -1. Let v(t) = 2 + t**3 - 2*t**2 + 2 - 6 - 5*t. What are the prime factors of v(y)?
2, 5
Suppose -3*n - 4*u + 18 = 1, -5*n = 5*u - 25. Suppose -5 + 53 = n*x. Let m = 30 - x. List the prime factors of m.
2, 7
Let n be -6 - -8 - 1/1. List the prime factors of (20 + 2)*n - -3.
5
Let l be (0 - 1)/1*0. Let o = 6 + l. List the prime factors of o.
2, 3
Let t = -81 + 114. What are the prime factors of t?
3, 11
Let a(h) = h**2 + 5*h + 3. Let r be a(-5). Suppose -4*m - 34 = -2*t - 0*m, r*m - 59 = -5*t. Let f = t + -3. List the prime factors of f.
2, 5
Suppose -3*r + 3*j = -90, -5*j + 2 = -8. Suppose -3*n + 1 = -r. What are the prime factors of n?
11
Suppose 0*s - 44 = -2*s. Suppose -3 - s = -5*p, -4*j + 120 = -4*p. List the prime factors of j.
5, 7
Suppose 4*b = -11 + 135. Let m = -17 + b. List the prime factors of m.
2, 7
Let z(w) = w**3 - 9*w**2 + w - 3. Let x be z(9). Let i(y) = y**2 - 3*y + 3. What are the prime factors of i(x)?
3, 7
Let w = 90 - 41. What are the prime factors of w?
7
Let k(m) = m. Suppose -3*z = j - 4*z - 13, 2*z + 34 = 3*j. What are the prime factors of k(j)?
2
Let v(r) = 0 + 0 - r - 2 + 3. List the prime factors of v(-8).
3
Suppose -335 = -3*d + 5*k, 4*d - 3*k = -2*k + 441. List the prime factors of d.
2, 5, 11
Let f = -8 + 12. Suppose -2 = 2*n, 4*u + 2*n + 3*n - 31 = 0. Suppose -s = 4*m + m + 8, -3*s + u = f*m. List the prime factors of s.
7
Let m(o) be the third derivative of 7*o**5/60 - o**4/24 + o**3/3 - 8*o**2. What are the prime factors of m(-2)?
2
Suppose -15 = -5*w + 30. Suppose -3*x + 1 - w = -j, -5*j + 68 = -x. Let t = j + -3. List the prime factors of t.
11
Suppose -264 + 56 = -8*v. What are the prime factors of v?
2, 13
Let c(v) = 3 - v + 3*v + 1. Suppose 2*w - 27 = 5*f, -3 = -4*w - 2*f + 15. What are the prime factors of c(w)?
2
Suppose -p + 3*p - 40 = 0. Suppose -12 = -2*u + p. What are the prime factors of u?
2
Suppose 3*g - 9 = 2*g. What are the prime factors of (-35)/(-2) - g/6?
2
Let w(x) = x**3 - 9*x**2 + 2*x + 2. Suppose -5*c + 19 + 26 = 0. List the prime factors of w(c).
2, 5
Let u = 21 + -6. Let k = u - 8. Let v(n) = 3*n - 2. List the prime factors of v(k).
19
Suppose -f - 2*f = -5*q - 47, 4*f - 2*q - 44 = 0. Suppose 0 = -t + 21 - f. What are the prime factors of t?
2, 3
Let o = 11 - -100. List the prime factors of o.
3, 37
Let n(s) = -8*s - 1 - 2 + s. Let y = 73 - 76. List the prime factors of n(y).
2, 3
Suppose -2*c + o - 2*o = -27, 0 = -c + 3*o + 10. Let m be 0*(1/(-2))/1. Suppose 2*k + 5*h - 2*h - c = m, 0 = 2*k - h - 9. What are the prime factors of k?
5
Suppose 7 - 2 = -5*q. Let i = q - -4. What are the prime factors of i?
3
Suppose -o = -3*t - 48, 3*t = 8*t + 2*o + 80. Let b = -8 - t. List the prime factors of b.
2
Suppose 0 = 3*l - 15, -l + 230 = 5*z. List the prime factors of z.
3, 5
Suppose 45 = 2*f + 1. Let w = -15 + f. List the prime factors of w.
7
Suppose -3*r - 5 = -4*q, -10 = -3*q + r - 0*r. Suppose 2*b + 2*s - 110 = 0, -b - 55 = -2*b - q*s. Suppose 0 = t - 6*t + b. What are the prime factors of t?
11
Let v = 5 + 1. Let j(h) = -h**2 + 7*h + 4. Let d be j(v). Suppose 2*t + d = 7*t. List the prime factors of t.
2
Let s(b) = -b**3 - 5*b**2 - 2*b - 2. Let n be s(-5). Let h = n + 7. Suppose x = -4*x - 2*q + h, 4*q + 40 = 4*x. List the prime factors of x.
5
Let l be ((-24)/10)/(8/(-20)). What are the prime factors of ((-104)/l)/((-4)/6)?
2, 13
Let a(y) = 3*y**2 + 8*y - 1. List the prime factors of a(-6).
59
Let s = 4 - -190. What are the prime factors of s?
2, 97
Let d(n) be the third derivative of n**7/2520 - n**6/720 + n**5/30 + n**2. Let z(r) be the third derivative of d(r). What are the prime factors of z(6)?
11
Let h(q) = q**3 - 16*q**2 + 3*q + 17. List the prime factors of h(17).
3, 7, 17
Let c(r) = r**3 + 14*r**2 + 15*r - 10. Let v be c(-12). Suppose v = 4*t + 42. List the prime factors of t.
2, 7
Let w(h) = 2*h - 2. Let q be w(3). Suppose -4*f = -q - 12. Suppose f*y - 1 = -g, 2*y = -y - 12. What are the prime factors of g?
17
Suppose -3*g + 0*v + 87 = 4*v, -3*v - 145 = -5*g. List the prime factors of g.
29
Let d(b) = -b - 1. Let w be d(-3). Suppose 0 = 3*x - w*x - 5. Suppose x = k, -5*i + 5*k - 13 = -3*i. What are the prime factors of i?
2, 3
Let f(h) = h**2 + h + 5. Let o be -1*1*0/(-8). What are the prime factors of f(o)?
5
Let a(x) = x**3 + 5*x**2 + 4*x + 2. Let r be a(-4). Let t(f) = 0*f + f + r - 6. What are the prime factors of t(6)?
2
Suppose 2*i = -z - 6, -2*z = i + 2*z + 3. Let c = i + 5. Suppose -c*k - 21 = -5*k. List the prime factors of k.
7
Let c be (3/(-4))/(7/(-28)). Let k(t) be the first derivative of 3*t**2/2 - 4*t - 1. List the prime factors of k(c).
5
Let m(l) = 7*l**3 - 2*l. What are the prime factors of m(1)?
5
Suppose -1216 = -81*m + 77*m. What are the prime factors of m?
2, 19
Let o be (-237)/12 - (-7)/(-28). What are the prime factors of (-228)/(-5) - 8/o?
2, 23
Let d(r) = -6*r - 9*r**2 + 0*r**2 + 1 + r**3 - 2*r. List the prime factors of d(10).
3, 7
Let u = 18 - 13. Suppose -5*d - 3*w + 6 = 0, u*d - 15 = 3*d + 3*w. What are the prime factors of d/((-3)/30*-6)?
5
Let v(u) be the third derivative of -u**4/12 + u**3 + 4*u**2. What are the prime factors of v(-5)?
2
Suppose 2 = 2*i, 3*c + 32 = 4*c - i. Suppose 4*p = 31 + c. List the prime factors of p.
2
Suppose 2*b = -2*w - 0 + 12, 0 = w - 3. What are the prime factors of 324/15 + b/(-5)?
3, 7
Suppose 2*d + 6*d - 984 = 0. What are the prime factors of d?
3, 41
Let t be (-1 + 0)*52 + -2. List the prime factors of 10/((-4)/t*3).
3, 5
Suppose 4*f - 6 = 10. Suppose 2*i = 4*m - 51 + 15, -3*m + f*i = -32. List the prime factors of m.
2
Let r(j) = -j + 11. Suppose -3*a - 7 = -a - 5*s, 4*a + 3*s = 51. Let u be r(a). Suppose -7 = -u*w + 11. List the prime factors of w.
3
Let m be (6 + -1)*(-6)/(-10). Suppose -m*z + 40 = -50. List the prime factors of z.
2, 3, 5
Let w(m) = m**3 - m**2 + 5*m - 5. What are the prime factors of w(2)?
3
What are the prime factors of 19 + (20/(-5) - -3)?
2, 3
Suppose 53 = u + 8. What are the prime factors of u?
3, 5
Let q be 1/(0 + 3/135). Suppose 2*s - q = -2*s - 5*v, 41 = 4*s + v. List the prime factors of s.
2, 5
Suppose 0 = -2*l + 6*l + 4. Let c = 2 - l. Let q = 7 - c. What are the prime factors of q?
2
Suppose y - 16 - 62 = -2*x, 0 = -5*x + 2*y + 204. What are the prime factors of x?
2, 5
Let d(b) = b**2 - 1. Let v(f) = 5*f**2 + 16*f + 7. Let w(z) = -4*d(z) + v(z). List the prime factors of w(-17).
2, 7
Let k = -17 + 33. List the prime factors of k.
2
Let c = 130 - 35. List the prime factors of c.
5, 19
Let n = 36 - 26. Let v = n + -7. Suppose 0 = -4*k + 3*a + 1, -3 = -v*k - 4*a + 29. What are the prime factors of k?
2
List the prime factors of 11 + -4 + (-8)/(-4).
3
Suppose -3*v - 13 = -31. Let h = -4 + v. Suppose 0 = -w + h*r + 13, -w - 2*r - r - 12 = 0. What are the prime factors of w?
3
Suppose 2*s + 12 = -2*s. Let c = -1 - 0. List the prime factors of (c - s)/((-6)/(-9)).
3
Suppose 0 = 4*z - h - 2*h - 92, 4*h + 56 = 2*z. Suppose -5*y - z = -0*y. List the prime factors of 10 - -2 - y/(-2).
2, 5
Let v = -6 + 11. What are the prime factors of v?
5
What are the prime factors of (0 - 3) + 440/8?
2, 13
Suppose 9*i - 5*i = 8. Suppose 0 = i*s - 0 - 2. What are the prime factors of 13 + s - (-3 + 2)?
3, 5
Let i = -20 + 40. What are the prime factors of (7 - i)/((-1)/2)?
2, 13
Let m be ((-10)/1